8
Let i = -30 + 78. Let j = i + -33. Calculate the remainder when 29 is divided by j.
14
Suppose 3*o + 123 - 357 = 0. What is the remainder when o is divided by 40?
38
Let b = -19 + 36. What is the remainder when 31 is divided by b?
14
Let d be (-16)/(-12) - 242/6. Calculate the remainder when 3/12 - d/4 is divided by 6.
4
Suppose 3*z = -0*z + 42. Let h(v) = v**2 + v + 84. Let l be h(0). Suppose -2*q + l = 4. Calculate the remainder when q is divided by z.
12
Let x = -60 - -110. Let o(h) = h**2 + 9*h + 3. Let s be o(-9). Suppose 4*q = -s*d + 35, 0 = 3*d - 4*d + q + 14. Calculate the remainder when x is divided by d.
11
Let w = 9 + -6. Suppose -4*f + w*b + 72 = -f, -2*b = -f + 22. Calculate the remainder when f is divided by 9.
8
Suppose 105 = -3*t + 120. Calculate the remainder when 23 is divided by t.
3
Let b = 112 + -30. Calculate the remainder when b is divided by 14.
12
Let z = -5 - 1. Let j = 8 + z. Let t = 15 - 11. Calculate the remainder when t is divided by j.
0
Let z be (-5)/30 - 13/(-6). Let d(n) = 4*n + 0*n**2 - 2 - 2*n**2 + 2*n**3 - 2*n**2. Calculate the remainder when 17 is divided by d(z).
5
Let y(c) = -12*c + 4. Let l(s) = -13*s + 5. Let f(o) = 4*l(o) - 5*y(o). Calculate the remainder when 15 is divided by f(1).
7
Let i(b) = 20*b**2 - 20*b + 9. Calculate the remainder when i(4) is divided by 63.
60
Let z(y) = y**3 - y**2 - 2*y - 3. Let b be z(-4). Let p = 42 + b. Let w = p - -53. What is the remainder when w is divided by 11?
9
Let j(g) = -6 + 1 + 9 - 3 + g. What is the remainder when (-3)/(2/(64/(-6))) is divided by j(5)?
4
Let s be 8/3*(-24)/16. Let b = s - -4. Suppose m - 40 = -5*l, b*m + 5*l = m. What is the remainder when m is divided by 7?
6
Suppose 2*v = 6*v - 304. Calculate the remainder when v is divided by 20.
16
What is the remainder when 55 is divided by (5 + 3 - 1)*2?
13
Let u = 12 + 0. Calculate the remainder when u is divided by 7.
5
Let g(x) = 2*x - 30. Let l be g(0). Let m = l - -51. What is the remainder when 39 is divided by m?
18
Let b be (-4)/((-5)/(5/(-2))). Let m = b - -9. What is the remainder when m is divided by 5?
2
Suppose -v = -3*v + 202. What is the remainder when v is divided by 27?
20
Suppose 10 = g - 5*s - 2, -5*g + 5*s + 40 = 0. What is the remainder when 12 is divided by g?
5
Suppose -3*t + 9 - 3 = 0, 0 = 2*y - t - 34. What is the remainder when y is divided by 8?
2
Let k(h) = 5*h**2 + 3*h + 10. Let d(m) = -2*m**2 - m - 5. Let j(u) = 7*d(u) + 3*k(u). What is the remainder when 19 is divided by j(-5)?
9
Let t(p) = -p**3 - 3*p**2 - 3*p - 3. Let f be t(-5). Suppose q - f = -q. What is the remainder when q is divided by 11?
9
Suppose 10*j = 11 + 49. What is the remainder when 14 is divided by j?
2
Let g(x) = x**3 - 6*x**2 + 4*x + 4. Let l be (-7)/(-28) - 23/(-4). What is the remainder when g(l) is divided by 10?
8
Let f = 49 - 30. What is the remainder when f is divided by 4?
3
Suppose 5*l - 224 = -4*n, -2*n + 29 = 4*l - 89. Let h = n + -28. Suppose -114 + 29 = -2*t + 5*v, t - v - 44 = 0. Calculate the remainder when t is divided by h.
22
Suppose -5*i - 5*a + a + 113 = 0, -2*i - 4*a = -38. Calculate the remainder when i is divided by 10.
5
Suppose -6*g = -4*g - 6. Suppose 61 = 2*d + g. Calculate the remainder when d is divided by 1/2 + 38/4.
9
Let c be -2 + (75 - 0) + -1. Suppose r - 7 = -0*r - 2*u, c = 4*r - 3*u. Let n = 33 + -5. Calculate the remainder when n is divided by r.
13
Suppose 9 = 3*r + 2*k, 4*k = 4*r - k - 35. Suppose -12 = -3*g, -r*g + 0 = -z - 16. Calculate the remainder when 5 is divided by z.
1
Let d(p) = 15*p + 4 - 6 + 0 + 0. Calculate the remainder when d(3) is divided by 22.
21
Suppose 0*y - 4*j = -3*y + 224, 4*j - 280 = -4*y. Suppose 5*f - f + y = 0. Calculate the remainder when (-6)/27 - 400/f is divided by 8.
6
Suppose 5*h = 250 - 65. Calculate the remainder when h is divided by 8.
5
Let a = -50 + 59. Calculate the remainder when 17/2*(2 + 0) is divided by a.
8
Suppose -6*n + 14 = -40. Calculate the remainder when n is divided by 2.
1
Suppose 5*y - 5 - 235 = 0. Let b = y - 28. What is the remainder when b is divided by 7?
6
Suppose 3*t - 40 = -2*t. Let n(i) = -i**2 + 9*i - 6. Let y be n(t). Suppose -q - y*q = 2*x - 9, -2*x + 2*q = -4. What is the remainder when 5 is divided by x?
2
Let u(r) = -r**3 + 7*r**2 + 12*r - 1. Suppose 2*o + 2*o = 32. Suppose 4*x - 101 = -37. What is the remainder when u(o) is divided by x?
15
Suppose -5*w + 60 = -w. Let d = w + -4. Let z = 9 + 12. What is the remainder when z is divided by d?
10
Suppose 4*h + h - 13 = 3*k, -2*h + 3*k = -7. Suppose h*g - 7 = 1. What is the remainder when g is divided by (-680)/(-160) - (-10)/(-8)?
1
Suppose 6 = 2*j - 4*s, 3*j + 0*s - 9 = -3*s. Calculate the remainder when 49 + (-1 - -1)/j is divided by 25.
24
Let z = -2 - -4. Let m(k) = 6*k + 2. What is the remainder when 40 is divided by m(z)?
12
Let t(b) = -6*b + 3. Let s be t(-4). Suppose 5*q = 138 + s. Suppose -81 + 9 = -8*g. Calculate the remainder when q is divided by g.
6
What is the remainder when 131/3*(-12)/(-4) is divided by 11?
10
Suppose -2*t + 0*t = -8. Suppose t*j = j + 21. Calculate the remainder when 26 is divided by j.
5
Let l(k) = -2*k - 8. What is the remainder when 14/(2/(-4) - -1) is divided by l(-9)?
8
Let d be (-135)/(-9)*(-2)/(-5). Suppose -2*a - 2 = -d. What is the remainder when 3 is divided by a?
1
Let t = 5 + 2. Let g(s) be the second derivative of s**3/6 + 3*s. Calculate the remainder when t is divided by g(4).
3
Let p(m) = m**2 + 1. Let c be p(2). Suppose 2*r = c + 13. Calculate the remainder when 24 is divided by r.
6
Let l(j) = -15*j + 1. Suppose 5 = 2*z + 7. Calculate the remainder when 61 is divided by l(z).
13
Suppose 15 = 17*v - 18*v. Suppose -2*y = -3*y + 3*x + 30, -5*y + 150 = -2*x. Calculate the remainder when y is divided by (-115)/v + 2/6.
6
Suppose 12*v = 17*v - 65. Calculate the remainder when 24 - (1 + -3)/(-2) is divided by v.
10
Let g = -15 + 29. Let i(d) = -7*d - 8*d + 7*d**2 - 7 - d + 4*d + d**3. What is the remainder when i(-8) is divided by g?
11
Let p be (-8)/28 + 18/14. Let l = p + -3. Calculate the remainder when ((-116)/6)/(l/3) is divided by 15.
14
Suppose 3*y + 5 + 7 = 0, 4*y = 2*j - 34. Suppose 5*o - 4*o = j. Calculate the remainder when 24 is divided by o.
6
Suppose 316 = 10*h - 6*h. Calculate the remainder when h is divided by 20.
19
Suppose 5*a - 74 = 3*r - 22, 4*r + 4*a = -48. Let o = 23 + r. Calculate the remainder when o is divided by 4.
1
Suppose 0*o + 3*o - 4 = 2*r, 4*r + 8 = 3*o. Suppose o*w + y - 16 = -2*w, 5*y + 18 = 4*w. Let p = 77 - 74. Calculate the remainder when w is divided by p.
1
Suppose 3*n + 2*n - 60 = 2*v, 0 = 2*n + v - 24. Calculate the remainder when 34 is divided by n.
10
Let l(t) = -t + 4. Calculate the remainder when 1 + 147/3 + -4 is divided by l(-12).
14
Suppose 2*z - 2*c + 4 = 0, 0*z - 2*c + 9 = 3*z. Calculate the remainder when 7 is divided by z.
0
Let m(z) = 24*z**3 + z**2 - 1. Let a be m(1). Suppose 0*f + 4*f - 4*t = 36, 2*t + a = 3*f. Calculate the remainder when 21 is divided by f.
3
Suppose 0 = 4*q - 0*m + 3*m - 73, -q - m + 19 = 0. Let p = q + -10. Calculate the remainder when 23 is divided by p.
5
Suppose k + 2*k = 99. Suppose -c = -4*o + 25, -3*c = 4*o - 41 + 4. What is the remainder when k is divided by o?
5
Let k = 11 - 7. Suppose -k*v = 5 - 1. Calculate the remainder when v/(0 - (-2)/(-94)) is divided by 16.
15
Suppose -4*u = -35 - 29. Let j = 46 - 18. Suppose -j - 13 = -4*o - k, 3*k = 2*o - 3. What is the remainder when u is divided by o?
7
Let k(t) = -t**3 - 8*t**2 + 7*t - 12. Let o be k(-9). Suppose o = -5*u + 4*x + 126, -45 = -3*u - 3*x. Calculate the remainder when u is divided by 7.
6
Let h = 88 - 65. What is the remainder when 39 is divided by h?
16
Suppose -71 = -5*f + 29. Let a = f - 17. What is the remainder when ((-5)/4)/((-2)/8) is divided by a?
2
Let l(f) = 4*f**2 + 3*f + 2. Let s be (-1 + 4)*2/(-3). Calculate the remainder when 34 is divided by l(s).
10
Let m = -88 + 129. What is the remainder when 160 is divided by m?
37
Let s = -12 + 16. Calculate the remainder when s is divided by 2.
0
Let n(t) = -t + 12. What is the remainder when 18 is divided by n(8)?
2
Let x(z) = z**2 - 3*z - 26. What is the remainder when x(17) is divided by 43?
40
Let k(x) = 